prime number?
True
Is 14292539 composite?
False
Is 3618793 a composite number?
False
Is 2589173 a prime number?
False
Is 4402214 prime?
False
Is 22426069 a composite number?
True
Is 10423079 prime?
True
Is 4300145 prime?
False
Is 86678381 composite?
False
Is 6919347 a prime number?
False
Is 8306941 a prime number?
False
Is 4015159 a prime number?
True
Is 4847523 a composite number?
True
Is 292216607 a prime number?
True
Is 257104423 a composite number?
False
Is 27159934 a composite number?
True
Is 2348933 a prime number?
False
Is 6842837 a prime number?
False
Is 3980167 prime?
False
Is 370996153 composite?
True
Is 23334335 a prime number?
False
Is 118070917 composite?
False
Is 299328937 a composite number?
False
Is 349053247 a prime number?
True
Is 2286409 a prime number?
False
Is 50156427 a prime number?
False
Is 1235291 a composite number?
True
Is 1152241 a prime number?
False
Is 817001 a prime number?
False
Is 4305005 composite?
True
Is 6160699 a composite number?
False
Is 2701081 a prime number?
False
Is 154470479 a prime number?
False
Is 19514413 composite?
False
Is 9569687 a prime number?
False
Is 26949589 composite?
False
Is 153516689 a composite number?
False
Is 17772217 prime?
False
Is 8503057 prime?
True
Is 158179045 prime?
False
Is 482991 a composite number?
True
Is 7040657 a prime number?
False
Is 33619 composite?
False
Is 318341 a composite number?
True
Is 1525995155 prime?
False
Is 6258269 a prime number?
False
Is 1618629409 composite?
True
Is 125414753 composite?
True
Is 5581679 prime?
True
Is 12791069 prime?
False
Is 1449113 prime?
True
Is 22359559 prime?
False
Is 97529333 a prime number?
False
Is 583128965 a prime number?
False
Is 357208221 a composite number?
True
Is 6057977 prime?
True
Is 215871451 composite?
False
Is 11797969 a prime number?
False
Is 6020519 a prime number?
True
Is 191567 prime?
False
Is 2735053 a prime number?
False
Is 53979473 prime?
True
Is 25921367 a composite number?
False
Is 11531449 prime?
True
Is 2559541 composite?
False
Is 7076009 prime?
True
Is 2462953 a prime number?
True
Is 577837 a prime number?
False
Is 87603973 a composite number?
True
Is 4782961 prime?
True
Is 6204827 prime?
True
Is 131101 a composite number?
False
Is 42767363 a prime number?
False
Is 1068334 a prime number?
False
Is 6502439 a composite number?
False
Is 116677 prime?
False
Is 6804167 a prime number?
False
Is 212167649 a composite number?
False
Is 142017467 a composite number?
False
Is 11078369 prime?
True
Is 66085729 prime?
True
Is 5742694 a composite number?
True
Is 147307634 a prime number?
False
Is 135668119 a prime number?
False
Is 24655907 prime?
False
Is 10868149 prime?
False
Is 25864754 a prime number?
False
Is 1143563 a prime number?
True
Is 7663421 composite?
False
Is 24499649 a prime number?
True
Is 69645967 prime?
True
Is 2195233 prime?
True
Is 15327517 a composite number?
True
Is 300832373 composite?
False
Is 2609947 a prime number?
True
Is 164424749 a prime number?
True
Is 5343119 a composite number?
False
Is 3016283 composite?
True
Is 338636971 prime?
True
Is 41207437 prime?
True
Is 69687221 prime?
True
Is 8512243 composite?
True
Is 423631 a composite number?
True
Is 743770813 a composite number?
False
Is 16227667 a prime number?
True
Is 4164427 a composite number?
False
Is 6958937 composite?
False
Is 105227 a prime number?
True
Is 3798983 composite?
False
Is 7266869 a prime number?
False
Is 347848133 a composite number?
False
Is 344395 composite?
True
Is 15111273 a prime number?
False
Is 36499961 a composite number?
False
Is 9203345 composite?
True
Is 165731959 prime?
False
Is 5972339 a composite number?
False
Is 7779601 composite?
False
Is 197095978 a prime number?
False
Is 684163 prime?
True
Is 3769751 prime?
True
Is 22109029 a composite number?
False
Is 701834993 a prime number?
True
Is 3172369 composite?
True
Is 365846423 composite?
False
Is 56039 a prime number?
True
Is 127420457 prime?
False
Is 202437715 a composite number?
True
Is 6094199 composite?
True
Is 2637269 composite?
False
Is 3768899 a prime number?
True
Is 269741 a prime number?
True
Is 33511747 composite?
True
Is 32647073 a prime number?
False
Is 74087171 a composite number?
False
Is 9666743 a prime number?
True
Is 2253023 prime?
True
Is 1111447 a composite number?
False
Is 57532459 prime?
True
Is 1703783 composite?
False
Is 10960555 a prime number?
False
Is 4409551 a composite number?
False
Is 61791395 prime?
False
Is 4081453 prime?
True
Is 6391373 a composite number?
False
Is 706709 a prime number?
True
Is 132590099 composite?
True
Is 151744909 composite?
False
Is 47434615 prime?
False
Is 529531655 prime?
False
Is 983438257 a composite number?
False
Is 57457 a composite number?
False
Is 1027477 prime?
False
Is 87249169 a prime number?
False
Is 92055043 prime?
True
Is 2379035 prime?
False
Is 26559427 a prime number?
True
Is 392404021 composite?
False
Is 263205323 a prime number?
True
Is 4428751 a composite number?
False
Is 40862093 prime?
True
Is 15511853 prime?
False
Is 1085827 prime?
True
Is 24323699 a composite number?
False
Is 49936391 prime?
True
Is 1802897 a prime number?
True
Is 143078263 a composite number?
False
Is 2058439 a prime number?
True
Is 3204557 a prime number?
True
Is 106357639 a composite number?
True
Is 72765317 composite?
True
Is 2262181 prime?
False
Is 988201 a prime number?
False
Is 2947513 prime?
False
Is 138162917 composite?
False
Is 17396939 a prime number?
False
Is 589903 composite?
False
Is 56764499 prime?
False
Is 20391603 a prime number?
False
Is 772607 a composite number?
True
Is 208632079 a composite number?
False
Is 366259 a prime number?
True
Is 48223037 a prime number?
True
Is 77383045 a composite number?
True
Is 1359368581 a prime number?
True
Is 61070147 a composite number?
False
Is 232851979 composite?
False
Is 32942971 prime?
True
Is 170939 a composite number?
True
Is 13768049 prime?
True
Is 12763151 a composite number?
True
Is 380557841 composite?
False
Is 319349 composite?
True
Is 2870897 a composite number?
True
Is 5945999 a prime number?
True
Is 31880413 prime?
True
Is 12119281 prime?
True
Is 1622148467 a composite number?
False
Is 20142453 a prime number?
False
Is 98542687 composite?
False
Is 683173 prime?
False
Is 3898001 a composite number?
False
Is 3436143 a prime number?
False
Is 36395291 prime?
True
Is 36958087 prime?
True
Is 35767603 a composite number?
False
Is 23408101 a prime number?
True
Is 124450369 prime?
False
Is 17690303 a composite number?
False
Is 10025831 prime?
True
Is 440876899 composite?
False
Is 68034349 composite?
False
Is 7576885 a composite number?
True
Is 4754887 a prime number?
False
Is 28540363 a prime number?
False
Is 13463545 a prime number?
False
Is 37844089 a prime number?
False
Is 29792159 a composite number?
False
Is 30773917 a prime number?
False
Is 2432427 prime?
False
Is 33769381 composite?
False
Is 77097214 prime?
False
Is 154927 a prime number?
True
Is 26032003 composite?
True
Is 5327437 prime?
False
Is 21191531 a prime number?
True
Is 4760029 a prime number?
False
Is 10323509 a composite number?
True
Is 649749731 a prime number?
True
Is 334647085 a composite number?
True
Is 12692926 composite?
True
Is 12804191 composite?
False
Is 59662847 a composite number?
False
Is 355696619 prime?
True
Is 16340983 prime?
True
Is 6767699 prime?
False
Is 12338453 a composite number?
True
Is 1410653 a prime number?
True
Is 32061403 composite?
True
Is 8510227 prime?
False
Is 95559793 composite?
True
Is 2371361 composite?
False
Is 874801 a composite number?
True
Is 9427321 prime?
True
Is 11360915 a composite number?
True
Is 14117503 composite?
True
Is 12489703 prime?
True
Is 128242921 composite?
False
Is 49290061 composite?
True
Is 1441099 a composite number?
True
Is 62536181 a prime number?
False
Is 5376527 prime?
False
Is 366746761 prime?
True
Is 846269 a composite number?
True
Is 9076709 composite?
False
Is 2224141 a composite number?
False
Is 8215247 composite?
False
Is 199889 prime?
True
Is 146658203 composite?
True
Is 9195421 prime?
False
Is 2551793 prime?
True
Is 1788321401 a prime number?
False
Is 2986769 prime?
True
Is 50589881 a composite number?
False
Is 16799291 a prime number?
True
Is 6997 a composite number?
False
Is 916603 a composite number?
True
Is 2612693